31. Suppose 0 = 11*l - 933 - a. What is the remainder when l is divided by t?
24
Suppose -126*m + 128*m - 1412 = 1260. Calculate the remainder when m is divided by 95.
6
Let v be (4*(-2)/10)/(4/(-30)). Suppose -534 = -v*m - 252. Calculate the remainder when m is divided by 18.
11
What is the remainder when 826 is divided by (16/6)/(6 - 0 - (-50)/(-9))?
4
Let b = -316 - -380. What is the remainder when b is divided by 23?
18
Calculate the remainder when -2181*1*(-2)/6 + (50 - 57) is divided by 144.
0
Let i(d) = -d**3 - 2*d**2 - 7*d - 37. Calculate the remainder when 117 is divided by i(-4).
2
Let x(d) = -3*d + 8. Let r be x(1). Suppose -5*j = r*a - 2*j - 425, a + 5*j = 85. Calculate the remainder when a is divided by 24.
13
Suppose -5*a + 78 + 152 = 0. What is the remainder when 160 is divided by a?
22
Suppose 16*g = 3002 + 806. Calculate the remainder when g is divided by 41.
33
Let w(k) = -7*k + 6. Let u be w(3). Let v be 85*(9/u - -1). Let x = v + 14. Calculate the remainder when x is divided by 17.
14
Let q(h) = 11*h**3 + 31*h**2 - 9*h + 35. Calculate the remainder when q(7) is divided by 7.
0
Suppose -1232 = -4*v - i, -v + 44 + 249 = 4*i. Calculate the remainder when v is divided by 205.
104
Let s(d) = 5*d**2 + 323*d + 245. What is the remainder when 366 is divided by s(-64)?
48
Let k(w) = -6*w + 27. Let n be k(11). Let h(a) = -6*a - 38. Calculate the remainder when h(-17) is divided by (n/(-12))/((-1)/(-4)).
12
Suppose -138 = 13*x - 437. Let u = -924 + 1127. Calculate the remainder when u is divided by x.
19
Suppose 10*n + 3*d = 15*n - 29, -3*n = 5*d + 3. Suppose n*t - 137 = -v, v - t = -4*t + 140. What is the remainder when v is divided by 6?
5
Suppose 24*h - 13305 = -747*h + 29871. Suppose -t = -4*t + 3*g + 48, g = 4*t - 55. What is the remainder when h is divided by t?
4
Suppose -3*r = 5*l + 325, -2*l = -0*r + 2*r + 126. Let m(v) = 44*v + 68. Let h be m(-2). Let d = h - l. What is the remainder when d is divided by 15?
3
What is the remainder when ((-20368)/40)/(28/(-70)) is divided by 46?
31
Suppose -328*s + 585*s - 295807 = 0. Calculate the remainder when s is divided by 68.
63
Let w(z) = -z**3 + 8*z**2 - 4*z + 5. Let y be w(5). Suppose -y + 9 = -3*t. What is the remainder when (-364)/1274 + ((-1208)/(-14) - (3 + 0)) is divided by t?
15
Suppose -2*a = -a. Suppose -3*n + 5*o + 107 = a, -o + 4 = 2. Let q = -23 + n. Calculate the remainder when 46 is divided by q.
14
Suppose -5*m + 0*y = 2*y + 65, -5*y - 58 = 3*m. Let c = 11 + m. Suppose c*f + 94 = f. What is the remainder when f is divided by 24?
22
Let o(q) = -q + 17. Let j(u) = -2*u - 15. Let a be j(-11). Let n = 905 - 856. What is the remainder when n is divided by o(a)?
9
Let u(c) = -4*c + 6*c**2 + 9*c**2 + 0*c + 6 - c. Calculate the remainder when u(1) is divided by 9.
7
Let w = -1378 - -3130. Suppose -3*d - 5*d + w = 0. What is the remainder when d is divided by 55?
54
Suppose s + 22 = -3*h + 31, 0 = -5*s - 5*h + 95. Suppose -23*c = -s*c + 19. What is the remainder when 26 is divided by c?
7
Let v(j) = 80*j - 41. Let p be v(8). Suppose 11*u - 215 = p. Calculate the remainder when u is divided by 22.
8
Let t(s) be the third derivative of 19*s**4/12 - 11*s**3/3 - 30*s**2 - 3. Calculate the remainder when 107 is divided by t(1).
11
What is the remainder when (-2 + 6/(-8))*(-30056)/221 is divided by 13?
10
Suppose 2*k - q = 178, 0 = 6*k - 7*k + q + 90. What is the remainder when 180 is divided by k?
4
Let p(c) = c**3 - 5*c**2 - 3*c + 7. Let o(q) = q**3 + 129*q**2 + 405*q + 19344. Calculate the remainder when o(-127) is divided by p(6).
17
Let o = -39 + 68. Let y(w) = -28*w - 35. Let u be y(8). Let a = 274 + u. Calculate the remainder when o is divided by a.
14
Suppose 0 = 91*b + 31*b - 44164. Calculate the remainder when b is divided by 28.
26
Let g = 13 + 2. Calculate the remainder when 86*-5*(-2)/20 is divided by g.
13
Let a(i) = -i**3 - 30*i**2 + 62*i - 72. Let k be a(-32). What is the remainder when 8 is divided by 0 + (2 - 3)*k?
0
Let z be (-64 + (-4 - (1 - 2)))/1. Let l = z - -73. What is the remainder when 58 is divided by l?
4
Let n = 260 - 141. What is the remainder when n is divided by 24/(16/9 + (-2)/(-9))?
11
Suppose 5*f - 4 = -s + 191, -4*s + 711 = -3*f. Suppose 49*w - 34*w = s. What is the remainder when 131 is divided by w?
11
Let i = -2051 + 2587. What is the remainder when i is divided by 258?
20
Let t(u) = u**2 + 40*u + 105. Let g be t(-40). What is the remainder when (-8 + -1 + g)*(-19)/(-2) is divided by 11?
10
Let y(a) = a**2 - 3*a - 8. Let c be (-39)/7 + ((-18)/21)/2. Suppose -q = 2*w - 361, -4*w + 426 = -3*q - 321. What is the remainder when w is divided by y(c)?
45
Suppose c - 4*i + 0*i + 14 = 0, 0 = c - 2*i + 6. Calculate the remainder when 43 is divided by ((-90)/(-9))/(c + 0).
3
Let t = -2380 + 2644. Calculate the remainder when t is divided by 132.
0
Let k = 511 + -353. Let l = k + -131. Calculate the remainder when 53 is divided by l.
26
Let i = -160 - -152. What is the remainder when 36 is divided by (12 + -22)/(4/i)?
16
Suppose 1036 + 194 = -2*o. Let t = o - -627. Calculate the remainder when 202 is divided by t.
10
Suppose -3*x - 3*r = -597, 5*x - 4*r + 187 = 6*x. Suppose -x = -5*h - 48. Suppose -5*d = -269 - h. What is the remainder when d is divided by 14?
4
Let y(i) = i**3 + 5*i**2 - 3*i + 5. Let o be y(-5). Suppose -o*m + 119 = 5*h - 18*m, -38 = -2*h - 4*m. What is the remainder when 98 is divided by h?
23
Suppose 6*n + 12*n - 594 = 0. Let o = -49 - -111. What is the remainder when o is divided by n?
29
Let b(o) = 59*o + 1716. Calculate the remainder when 735 is divided by b(-27).
120
Let w be 24/6*2/(-4) - -632. Suppose 2*i - w = -o - 0*o, 2*o = 3*i - 931. What is the remainder when i is divided by 35?
33
Calculate the remainder when 441 is divided by 18832/121 + 76/209.
129
Suppose -h = -0*h. Suppose h = 2*m - 16 + 10. Suppose -5*z = 3*d - d - 12, m*z = -6. Calculate the remainder when d is divided by 4.
3
What is the remainder when (-70)/(3 + -10 + 564/84) is divided by 13?
11
Let v = 602 - 597. Calculate the remainder when 179 is divided by (-2 - (-85)/v)*12/9.
19
Let j(p) = -2071*p**3 + 4*p**2 + 50*p + 45. Calculate the remainder when j(-1) is divided by 22.
2
Let p = 3616 + -3603. Calculate the remainder when 81 is divided by p.
3
Let a be -1 + (-62)/(2/1). Let i = 20 - a. Let t(v) = -2*v**3 - 3*v**2 + 7*v + 12. What is the remainder when i is divided by t(-3)?
16
Let r = -265 - -267. What is the remainder when 68 is divided by 27/r + (-33)/(-66)?
12
Let s = -397 + 434. Let y(a) = -a**2 + 37*a + 27. Calculate the remainder when 85 is divided by y(s).
4
Let u be (-2 + 6)*(-39)/(-24)*58. Suppose -23 = 5*x + u. Calculate the remainder when 73 is divided by (-3020)/x - (-3)/(-4).
36
Suppose 0 = 62*i - 236 - 74. Let n be (-2 - -3)*-2*-45. Suppose -n = -10*t + i*t. What is the remainder when t is divided by 3?
0
Let n = 7 - -17. Let k be (-318)/(-9) + 2 + (-2)/6. Suppose 7*a - 4*a = -9, k = 5*y - 4*a. Calculate the remainder when n is divided by y.
4
Calculate the remainder when 14772/108 + 2/9 is divided by 56.
25
Let m be 0/1 + -2 - (-6 - 480). Suppose -m*u + 34 = -483*u. What is the remainder when 81 is divided by u?
13
Suppose -31 = -u - 4*r + 15, -2*r = -5*u + 120. Calculate the remainder when 58 + (16/12 - (-2)/(-6)) is divided by u.
7
Let a be (-2)/(-2) - 7/(42/(-30)). Suppose -a*c = -2640 - 1386. What is the remainder when c is divided by 16?
15
Suppose -16*k + 15 = -1. What is the remainder when 20 is divided by (3 + -1)*k*(-135)/(-18)?
5
Let o(h) = h**3 + 5*h**2 + 1. Let c be 6/9*1/((-2)/(-6)). Let k be 10/((-1)/c*12/3). Calculate the remainder when 3 is divided by o(k).
0
Suppose r - 51 = -5*k, -4*r = 21 - 5. Suppose 12*z - 736 = -5*o + k*z, 5*o = z + 744. What is the remainder when o is divided by 5?
3
Let n be (1 + -4 - 551) + 0. Let j = n + 605. Calculate the remainder when 662 is divided by j.
50
Let y be (51/102)/((1 - 0)/10). Suppose -3*k + 218 = u, y*k - 2*u = 160 + 185. Suppose -14 - 10 = -f. What is the remainder when k is divided by f?
23
Let q = 121 - -51. Suppose 33*b - 192 = 29*b. Calculate the remainder when q is divided by b.
28
What is the remainder when -1 + 281 + 2/2 is divided by -10 - ((-67)/(-4))/(582/(-24) + 24